{"id":6242,"date":"2024-03-11T13:05:13","date_gmt":"2024-03-11T12:05:13","guid":{"rendered":"https:\/\/www.raiels.cat\/?post_type=portfolio&#038;p=6242"},"modified":"2024-03-20T16:24:44","modified_gmt":"2024-03-20T15:24:44","slug":"prospeccion-del-interes-en-participar-en-la-central-de-distribucion-de-producto-local-de-can-male","status":"publish","type":"portfolio","link":"https:\/\/www.raiels.cat\/es\/projecte\/prospeccion-del-interes-en-participar-en-la-central-de-distribucion-de-producto-local-de-can-male\/","title":{"rendered":"Prospecci\u00f3n del inter\u00e9s en participar en la central de distribuci\u00f3n de producto local de Can Mal\u00e9."},"content":{"rendered":"","protected":false},"excerpt":{"rendered":"","protected":false},"author":4,"featured_media":6244,"menu_order":105,"comment_status":"closed","ping_status":"closed","template":"","meta":{"inline_featured_image":false},"portfolio-types":[42],"class_list":["post-6242","portfolio","type-portfolio","status-publish","has-post-thumbnail","hentry","portfolio-types-agricultura-gastronomia-y-producto-local"],"_links":{"self":[{"href":"https:\/\/www.raiels.cat\/es\/wp-json\/wp\/v2\/portfolio\/6242","targetHints":{"allow":["GET"]}}],"collection":[{"href":"https:\/\/www.raiels.cat\/es\/wp-json\/wp\/v2\/portfolio"}],"about":[{"href":"https:\/\/www.raiels.cat\/es\/wp-json\/wp\/v2\/types\/portfolio"}],"author":[{"embeddable":true,"href":"https:\/\/www.raiels.cat\/es\/wp-json\/wp\/v2\/users\/4"}],"replies":[{"embeddable":true,"href":"https:\/\/www.raiels.cat\/es\/wp-json\/wp\/v2\/comments?post=6242"}],"wp:featuredmedia":[{"embeddable":true,"href":"https:\/\/www.raiels.cat\/es\/wp-json\/wp\/v2\/media\/6244"}],"wp:attachment":[{"href":"https:\/\/www.raiels.cat\/es\/wp-json\/wp\/v2\/media?parent=6242"}],"wp:term":[{"taxonomy":"portfolio-types","embeddable":true,"href":"https:\/\/www.raiels.cat\/es\/wp-json\/wp\/v2\/portfolio-types?post=6242"}],"curies":[{"name":"wp","href":"https:\/\/api.w.org\/{rel}","templated":true}]}}

Prospección del interés en participar en la central de distribución de producto local de Can Malé.
