{"id":4069,"date":"2016-11-12T18:08:58","date_gmt":"2016-11-12T16:08:58","guid":{"rendered":"https:\/\/www.raiels.cat\/projecte\/sessio-networking-restauradors-productors-agroalimentaris-parc-agrari-baix-llobregat\/"},"modified":"2018-02-02T11:42:46","modified_gmt":"2018-02-02T09:42:46","slug":"sesion-networking-restauradores-productores-agroalimentarios-parque-agrario-baix-llobregat","status":"publish","type":"portfolio","link":"https:\/\/www.raiels.cat\/es\/projecte\/sesion-networking-restauradores-productores-agroalimentarios-parque-agrario-baix-llobregat\/","title":{"rendered":"Sesi\u00f3n de networking entre restauradores y productores agroalimentarios del Parque Agrario del  Baix Llobregat"},"content":{"rendered":"<p>800<\/p>\n<p>center<\/p>\n<p>fadeInLeft<\/p>\n<p>Desc<\/p>\n<h5 style=\"margin-bottom: 5px;\">Descripci\u00f3n:<\/h5>\n<p>Dise\u00f1o y coordinaci\u00f3n de una din\u00e1mica de networking de entrevistas r\u00e1pidas entre productores y restaurantes del \u00e1mbito territorial del Parque Agrario del Baix Llobregat. Las tareas realizadas han sido las siguientes:<\/p>\n<ul>\n<li>Dise\u00f1o de la din\u00e1mica de networking.<\/li>\n<li>Coordinaci\u00f3n con el personal t\u00e9cnico del Parque Agrario del Baix Llobregat. Coordinaci\u00f3n del networking en el momento de su realizaci\u00f3n.<\/li>\n<li>Preparaci\u00f3n de encuestas de valoraci\u00f3n para los participantes<\/li>\n<\/ul>\n<p>&nbsp;<\/p>\n<p><em>\u00a0<\/em>Client:<\/p>\n<p><i class=\"icon-vcard\" style=\"\" aria-hidden=\"true\"><\/i>\u00a0Parque Agrario del del Baix Llobregat<\/p>\n<h5 style=\"margin-bottom: 5px;\">Data:<\/h5>\n<p><i class=\"icon-back-in-time\" style=\"\" aria-hidden=\"true\"><\/i> noviembre\u00a02016<\/p>\n<div class=\"share_wrapper share_item\"><span class=\"st_facebook_vcount\"><\/span><span class=\"st_twitter_vcount\"><\/span><span class=\"st_pinterest_vcount\"><\/span><\/div>\n<p>justify<\/p>\n<p>no-repeat;center top;;<\/p>\n<p>fadeInRight<\/p>\n<p>Style CSS<\/p>\n<p>no-repeat;center top;;<\/p>\n","protected":false},"excerpt":{"rendered":"<p>Sesi\u00f3n de networking entre productores agroalimentarios y restauradores del Parque Agrario del Baix Llobregat<\/p>\n","protected":false},"author":3,"featured_media":3647,"menu_order":20,"comment_status":"open","ping_status":"closed","template":"","meta":{"inline_featured_image":false},"portfolio-types":[42],"class_list":["post-4069","portfolio","type-portfolio","status-publish","has-post-thumbnail","hentry","portfolio-types-agricultura-gastronomia-y-producto-local"],"_links":{"self":[{"href":"https:\/\/www.raiels.cat\/es\/wp-json\/wp\/v2\/portfolio\/4069","targetHints":{"allow":["GET"]}}],"collection":[{"href":"https:\/\/www.raiels.cat\/es\/wp-json\/wp\/v2\/portfolio"}],"about":[{"href":"https:\/\/www.raiels.cat\/es\/wp-json\/wp\/v2\/types\/portfolio"}],"author":[{"embeddable":true,"href":"https:\/\/www.raiels.cat\/es\/wp-json\/wp\/v2\/users\/3"}],"replies":[{"embeddable":true,"href":"https:\/\/www.raiels.cat\/es\/wp-json\/wp\/v2\/comments?post=4069"}],"wp:featuredmedia":[{"embeddable":true,"href":"https:\/\/www.raiels.cat\/es\/wp-json\/wp\/v2\/media\/3647"}],"wp:attachment":[{"href":"https:\/\/www.raiels.cat\/es\/wp-json\/wp\/v2\/media?parent=4069"}],"wp:term":[{"taxonomy":"portfolio-types","embeddable":true,"href":"https:\/\/www.raiels.cat\/es\/wp-json\/wp\/v2\/portfolio-types?post=4069"}],"curies":[{"name":"wp","href":"https:\/\/api.w.org\/{rel}","templated":true}]}}

Sesión de networking entre restauradores y productores agroalimentarios del Parque Agrario del  Baix Llobregat

<p>800</p>
<p>center</p>
<p>fadeInLeft</p>
<p>Desc</p>
<h5 style="margin-bottom: 5px;">Descripción:</h5>
<p>Diseño y coordinación de una dinámica de networking de entrevistas rápidas entre productores y restaurantes del ámbito territorial del Parque Agrario del Baix Llobregat. Las tareas realizadas han sido las siguientes:</p>
<ul>
<li>Diseño de la dinámica de networking.</li>
<li>Coordinación con el personal técnico del Parque Agrario del Baix Llobregat. Coordinación del networking en el momento de su realización.</li>
<li>Preparación de encuestas de valoración para los participantes</li>
</ul>
<p>&nbsp;</p>
<p><em> </em>Client:</p>
<p><i class="icon-vcard" style="" aria-hidden="true"></i> Parque Agrario del del Baix Llobregat</p>
<h5 style="margin-bottom: 5px;">Data:</h5>
<p><i class="icon-back-in-time" style="" aria-hidden="true"></i> noviembre 2016</p>
<div class="share_wrapper share_item"><span class="st_facebook_vcount"></span><span class="st_twitter_vcount"></span><span class="st_pinterest_vcount"></span></div>
<p>justify</p>
<p>no-repeat;center top;;</p>
<p>fadeInRight</p>
<p>Style CSS</p>
<p>no-repeat;center top;;</p>

<p>Sesión de networking entre productores agroalimentarios y restauradores del Parque Agrario del Baix Llobregat</p>
