{"id":2987,"date":"2015-10-09T17:19:53","date_gmt":"2015-10-09T15:19:53","guid":{"rendered":"https:\/\/www.raiels.cat\/es\/projecte\/classes-de-tecniques-deducacio-ambiental-2\/"},"modified":"2018-02-02T11:41:33","modified_gmt":"2018-02-02T09:41:33","slug":"classes-de-tecniques-deducacio-ambiental-2","status":"publish","type":"portfolio","link":"https:\/\/www.raiels.cat\/es\/projecte\/classes-de-tecniques-deducacio-ambiental-2\/","title":{"rendered":"Clases de t\u00e9cnicas de educaci\u00f3n ambiental"},"content":{"rendered":"<p>https:\/\/www.raiels.cat\/wp-content\/uploads\/2015\/09\/emas-camping.jpg<\/p>\n<p>800<\/p>\n<p>center<\/p>\n<p>fadeInLeft<\/p>\n<p>Desc<\/p>\n<h5 style=\"margin-bottom: 5px;\">Descripci\u00f3:<\/h5>\n<p>Impartici\u00f3n de clases del m\u00f3dulo profesional \u00abT\u00e9cnicas de educaci\u00f3n ambiental\u00bb, al segundo curso del Ciclo Formativo de Grado Superior de Gesti\u00f3n Forestal y del medio Natural, a la Escuela Agraria del Solson\u00e8s. <\/p>\n<ul>\n<li>Definici\u00f3n de contenidors y de los ejercicions pr\u00e1cticos.<\/li>\n<li>Impartici\u00f3n de las clases.<\/li>\n<li>Acompa\u00f1amiento del grupo en salidas pr\u00e1cticas.<\/li>\n<\/ul>\n<p>&nbsp;<\/p>\n<h5 style=\"margin-bottom: 5px;\">Cliente:<\/h5>\n<p><i class=\"icon-vcard\" style=\"\" aria-hidden=\"true\"><\/i> Escuela Agraria del Solson\u00e8s<\/p>\n<h5 style=\"margin-bottom: 5px;\">Fecha:<\/h5>\n<p><i class=\"icon-back-in-time\" style=\"\" aria-hidden=\"true\"><\/i> 2015-2016<\/p>\n<div class=\"share_wrapper share_item\"><span class=\"st_facebook_vcount\"><\/span><span class=\"st_twitter_vcount\"><\/span><span class=\"st_pinterest_vcount\"><\/span><\/div>\n<p>left<\/p>\n<p>fadeInRight<\/p>\n<p>Style CSS<\/p>\n","protected":false},"excerpt":{"rendered":"<p>https:\/\/www.raiels.cat\/wp-content\/uploads\/2015\/09\/emas-camping.jpg 800 center fadeInLeft Desc Descripci\u00f3: Impartici\u00f3n de clases del m\u00f3dulo profesional \u00abT\u00e9cnicas de educaci\u00f3n ambiental\u00bb, al segundo curso del Ciclo Formativo de Grado Superior de<span class=\"excerpt-hellip\"> [\u2026]<\/span><\/p>\n","protected":false},"author":3,"featured_media":2988,"menu_order":31,"comment_status":"open","ping_status":"closed","template":"","meta":{"inline_featured_image":false},"portfolio-types":[41],"class_list":["post-2987","portfolio","type-portfolio","status-publish","has-post-thumbnail","hentry","portfolio-types-transicion-ecologica-y-sostenibilidad"],"_links":{"self":[{"href":"https:\/\/www.raiels.cat\/es\/wp-json\/wp\/v2\/portfolio\/2987","targetHints":{"allow":["GET"]}}],"collection":[{"href":"https:\/\/www.raiels.cat\/es\/wp-json\/wp\/v2\/portfolio"}],"about":[{"href":"https:\/\/www.raiels.cat\/es\/wp-json\/wp\/v2\/types\/portfolio"}],"author":[{"embeddable":true,"href":"https:\/\/www.raiels.cat\/es\/wp-json\/wp\/v2\/users\/3"}],"replies":[{"embeddable":true,"href":"https:\/\/www.raiels.cat\/es\/wp-json\/wp\/v2\/comments?post=2987"}],"wp:featuredmedia":[{"embeddable":true,"href":"https:\/\/www.raiels.cat\/es\/wp-json\/wp\/v2\/media\/2988"}],"wp:attachment":[{"href":"https:\/\/www.raiels.cat\/es\/wp-json\/wp\/v2\/media?parent=2987"}],"wp:term":[{"taxonomy":"portfolio-types","embeddable":true,"href":"https:\/\/www.raiels.cat\/es\/wp-json\/wp\/v2\/portfolio-types?post=2987"}],"curies":[{"name":"wp","href":"https:\/\/api.w.org\/{rel}","templated":true}]}}

Clases de técnicas de educación ambiental

<p>https://www.raiels.cat/wp-content/uploads/2015/09/emas-camping.jpg</p>
<p>800</p>
<p>center</p>
<p>fadeInLeft</p>
<p>Desc</p>
<h5 style="margin-bottom: 5px;">Descripció:</h5>
<p>Impartición de clases del módulo profesional «Técnicas de educación ambiental», al segundo curso del Ciclo Formativo de Grado Superior de Gestión Forestal y del medio Natural, a la Escuela Agraria del Solsonès. </p>
<ul>
<li>Definición de contenidors y de los ejercicions prácticos.</li>
<li>Impartición de las clases.</li>
<li>Acompañamiento del grupo en salidas prácticas.</li>
</ul>
<p>&nbsp;</p>
<h5 style="margin-bottom: 5px;">Cliente:</h5>
<p><i class="icon-vcard" style="" aria-hidden="true"></i> Escuela Agraria del Solsonès</p>
<h5 style="margin-bottom: 5px;">Fecha:</h5>
<p><i class="icon-back-in-time" style="" aria-hidden="true"></i> 2015-2016</p>
<div class="share_wrapper share_item"><span class="st_facebook_vcount"></span><span class="st_twitter_vcount"></span><span class="st_pinterest_vcount"></span></div>
<p>left</p>
<p>fadeInRight</p>
<p>Style CSS</p>

<p>https://www.raiels.cat/wp-content/uploads/2015/09/emas-camping.jpg 800 center fadeInLeft Desc Descripció: Impartición de clases del módulo profesional «Técnicas de educación ambiental», al segundo curso del Ciclo Formativo de Grado Superior de<span class="excerpt-hellip"> […]</span></p>
